*u - 6 = w - 0*w. What is the units digit of (-1 + w/8)/((-66)/1232)?
0
Let z = 98643 + -65544. What is the thousands digit of z?
3
Let s = 54792 - 25937. What is the tens digit of s?
5
Suppose -32*w = -67 - 477. Suppose -w*n + 4040 = -4001. What is the units digit of n?
3
Suppose 1612 + 7196 = 8*z. Let h = z - 711. What is the hundreds digit of h?
3
Suppose -j - 928 = -3*y, 2*y + 4*j - 624 = 2*j. Suppose 23*w - 2383 = -1979 + 2885. Let z = y - w. What is the tens digit of z?
6
Let k(g) = g**3 + 22*g**2 - 42*g + 38. What is the thousands digit of k(-14)?
2
Let c(d) = 28*d**2 - 6*d + 12. Let y be c(6). Suppose 0 = 21*f - 17*f - y. What is the units digit of f?
6
Suppose 12199 - 84293 = -8*b + 5978. What is the tens digit of b?
5
Let n = -95172 - -154037. What is the units digit of n?
5
Suppose 2*s - 18778 = -4*j, -2*j - 4*s + 2913 + 6491 = 0. What is the units digit of j?
2
Suppose 203280 = 8*f + 3*f. What is the ten thousands digit of f?
1
What is the units digit of ((-2)/(6/21) + 3)*2901864/(-224)?
9
Suppose 0 = -4*f + 3*g + 1977, -6*g + 5*g = 5*f - 2495. Suppose f = 4*d - 174. What is the hundreds digit of d?
1
Suppose 0*v = 2*v - 3*v. Suppose -2*r - 340 = -2*p, -r + 8 - 3 = v. What is the tens digit of p?
7
Let z(m) = 645*m - 753. What is the thousands digit of z(11)?
6
Let n = 68 + -429. Let l = n - -238. Let b = -85 - l. What is the units digit of b?
8
Suppose 24*s = -s - 47625. Let i = 2787 + s. What is the tens digit of i?
8
What is the hundreds digit of (-9)/(-15) + 704648/70 + 16?
0
What is the tens digit of 1953/126*-374*(-3)/3?
9
Suppose -8*f - 179 = -75. Let q(x) = 4*x**2 + 40*x - 9. What is the hundreds digit of q(f)?
1
Suppose -4*m - 5*w = -7801, 4*w - 7136 = -5*m + 2613. What is the tens digit of m?
4
Let i(j) = -11*j + 31. Let g(w) = -1. Let l(k) = -21*k + 57. Let o(c) = 4*g(c) - l(c). Let z(p) = -7*i(p) - 4*o(p). What is the tens digit of z(-11)?
0
Suppose 0 = 4*h - 3*g - 7 - 2, 5*g = -5*h + 20. Let i be h*(4 - 3) - (-1 + 4). Suppose -2*z = -i*z - 30. What is the units digit of z?
5
Let h = 1741 - 718. Let s = h - 530. What is the units digit of s?
3
Let q(x) = -35*x**3 - x**2 - 2*x. Suppose -4*n - 4*w - 9 = -9*w, 0 = 2*n - 2*w + 4. What is the units digit of q(n)?
6
Let o = -5190 - -9493. Let t be (o/4)/13 - 1/(-4). Suppose -7*f + 344 = -t. What is the units digit of f?
1
What is the ten thousands digit of (-54 + 0)/(38/(-57))*727?
5
Let i(r) = -r**3 + 3*r**2 + 10. Let z be i(4). What is the units digit of (38 - 11)/(-9)*64/z?
2
Let g(v) be the second derivative of 3*v**3/2 - 4*v**2 + v + 25. What is the tens digit of g(5)?
3
Suppose 192 = -11*l - 776. Let k = l - -235. What is the tens digit of k?
4
Let k = 46627 + 17351. What is the hundreds digit of k?
9
Suppose 72098 = -53*l + 79*l. What is the hundreds digit of l?
7
Let w = 8170 + -3515. Suppose 0 = -15*r + 3940 + w. What is the tens digit of r?
7
Suppose 491 = -3*h + 1781. Let p = h - 203. What is the tens digit of p?
2
Let z = 37 + -42. Let d be (z + 1)*(-14)/(-4). Let s = 97 + d. What is the tens digit of s?
8
Suppose l - 32015 = -3*w + 18037, 0 = 4*w + l - 66736. What is the tens digit of w?
8
Let w(g) = -2*g**2 - 186*g + 382*g - 194*g + 65 - 2*g**2 + 2*g**2. Let x be ((-8)/4)/1 - -2. What is the tens digit of w(x)?
6
Suppose k = -22 + 17. Let i be (k - (-3)/(-6))*-22. Let t = i - -19. What is the tens digit of t?
4
Let u be 69046/69 - (-2)/(-3). Suppose -4*l + 15 = -5, -u = -5*m + 3*l. What is the hundreds digit of m?
2
Suppose 0 = 13*f - 42410 - 181294. What is the tens digit of f?
0
Let c(j) = 2*j**2 + 36*j + 9. Let u be 3/1 + 217/(-7). What is the units digit of c(u)?
9
Suppose -96146 = 52*f - 394158. What is the hundreds digit of f?
7
Suppose 12*y = 15*y. Let b(l) = -9*l + 338. What is the tens digit of b(y)?
3
Let q(m) = 8*m - 2. Let w be q(2). Let v(x) = 17*x + 33. Let u be v(0). Let n = u - w. What is the units digit of n?
9
Suppose -27 = -28*t + 31*t. Let f be (9 + t)/(2/2). Suppose f = 3*v - 27 - 12. What is the tens digit of v?
1
Suppose 8 = -6*o + 7*o. Let y be -73 + 7 + (o/(-4) - 2). What is the units digit of (-12)/(-5)*y/(-21)?
8
What is the tens digit of ((-12)/(-240))/(1/(-12)) - 35553/(-5)?
1
Let k = 13 + -13. Suppose -198 = -3*q - k*q. Suppose w + 2*w = -3*h + q, -5*w + 126 = -3*h. What is the tens digit of w?
2
Let a be ((-4)/(-8))/((-1)/(-820)). Suppose -4*d - 26 + 357 = 5*y, -5*d - 5*y = -a. Suppose -6 = 3*z, -f + 2*z = 7*z - d. What is the units digit of f?
9
Let p(m) = 12*m**3 - 2. Let y be (-105)/30*(-4)/7. What is the tens digit of p(y)?
9
Let x(f) = -7 - 61*f**2 + 0*f - 6*f + 62*f**2. Let n(y) = -y**2 + y - 2. Let l be n(1). What is the units digit of x(l)?
9
Let i(x) = -70*x + 24. Let r be i(5). Let p = 714 + r. What is the hundreds digit of p?
3
Let r = 1720 + -2510. Let v = -415 - r. What is the units digit of v?
5
Suppose -r - 4*d + 2 = 0, -5*r - 2*d + 41 = 13. What is the hundreds digit of (-2)/(-4)*r*(-956)/(-6)?
4
Let k(i) = i**3 + 11*i**2 - 5*i - 8. Let q(g) = g**2 + 1. Let n(m) = k(m) + 4*q(m). What is the hundreds digit of n(-7)?
4
What is the tens digit of 172*4191/88*4*2/12?
6
Let k(r) = -117*r**3 + 2*r**2 - 2. Let t be k(-1). Let m = -112 + t. Suppose -7*a - m*a + 3204 = 0. What is the tens digit of a?
6
Let l(i) = i**3 + 4*i**2 - i - 1. Let j be l(1). What is the units digit of ((-6)/(-18))/(j/2871)?
9
Let f = -194 + 190. What is the units digit of (-2)/f + (-2574)/(-12)?
5
Suppose 5*s - 106 = -2*v + 110, -4 = 2*v. Suppose -16*d + s*d = 14476. What is the units digit of d?
7
Let j be ((-3)/(-18))/(2/24). Suppose j*f - 3*g = 1191, -4*f + 6*g = g - 2387. What is the hundreds digit of f?
6
Let r(z) = 5*z**2 + 2*z + 8. Let b(w) = 2*w + 1. Let k(x) = -3*b(x) + r(x). What is the hundreds digit of k(-7)?
2
Let o(v) = -23924*v + 72. What is the units digit of o(-1)?
6
Suppose 155*x + 61746 = 158*x + 3*p, -102898 = -5*x + p. What is the units digit of x?
0
Suppose 2*l + 8 - 2 = 0. Let d be 4565/83 + (-5)/((-15)/(-9)). Let m = d - l. What is the units digit of m?
5
Let m(s) = -3*s**2 + 10*s + 10. Let l be m(-7). Let n = -55 - l. Let w = n - 110. What is the units digit of w?
2
Suppose 19*i + 1927 = 24*i - r, 0 = 4*r + 8. What is the units digit of i?
5
Suppose -79 = 3*p + 2. Let g = p - -52. What is the tens digit of -9 + g/5 - -195?
9
Let k = 5380 - -2118. What is the tens digit of k?
9
Suppose 7*c = -18*c + 14*c. Suppose 11*l - 3007 - 227 = c. What is the tens digit of l?
9
Suppose 33*v = 9*v + 15*v + 130896. What is the tens digit of v?
4
Let a(o) = 5*o**2 + 16*o - 5. Suppose -26*g = -20*g + 48. What is the units digit of a(g)?
7
Let a = 982 - 671. Suppose 308*r - a*r + 510 = 0. What is the hundreds digit of r?
1
Suppose -21 = 4*u - 11*u. Suppose 2*c + 3 = -u. What is the units digit of c/(-4) - (-3 - (-455)/(-28))?
0
Suppose -d + 5*u - 1200 = -6*d, -3*d - u = -728. Suppose 2*a + 2*t - 12 = d, a = 2*t + 143. What is the hundreds digit of a?
1
Suppose -8277*n = -8287*n + 41010. What is the thousands digit of n?
4
Let g be (1 + -2)*(-912 + 10). Suppose -448*z + g = -447*z. What is the hundreds digit of z?
9
Let f(p) = -15*p**2 - 2*p - 1. Let q be f(2). Let c = -61 - q. Suppose 5*d + n - 3*n - 258 = 0, -c*n + 84 = 2*d. What is the units digit of d?
0
Let o(z) = -z - 13. Let t be o(-15). Suppose -14 = -t*p + 6. Suppose 0 = -5*i - p, a + 5*i = 8 - 0. What is the tens digit of a?
1
Suppose -14*j - 14764 = 12060. Let y = j + 3169. What is the units digit of y?
3
Suppose 12*y + 343420 = 82*y. What is the thousands digit of y?
4
Let b be -4 + (12/3 - 0). Suppose -12*y - 120 = -b*y. What is the units digit of ((-56)/y)/(22/495)?
6
Suppose -26*v = 7205 + 933. Let q = v - -723. What is the hundreds digit of q?
4
Let m(j) = 220*j - 95. Let z be (6/(-5))/((-7)/5 - -1). What is the tens digit of m(z)?
6
Let s(j) = j**2 - j + 142. Let w be s(0). Let t = w - 137. What is the units digit of t?
5
Let q be (-2)/5*1720/(-10 + 2). Suppose -88*j + q*j = -386. What is the hundreds digit of j?
1
Suppose 5*u - 3*c + 7*c = -1156, -1157 = 5*u + 3*c. Let j = 1024 + u. What is the hundreds digit of j?
7
Let k(w) be the first derivative of 37*w**4/4 - 2*w**3/3 + 3*w**2/2 + w + 93. What is the tens digit of k(2)?
9
Suppose 25*d - 24 = 29*d. Let q be ((-28)/8 -